 3*x + 4*u - 2*u - 7 = 0. What is the units digit of ((-9)/(-12))/(x/(-68))?
1
Let m be (7 + 1)*(-5 + 4). Let t = -8 - -5. What is the tens digit of m/t*21/4?
1
Suppose 3*d - 12 = 0, 2*o + 3*d = -d - 104. Let y = o - -100. What is the units digit of y?
0
Suppose j + 19*j - 12240 = 0. What is the tens digit of j?
1
Let y = 2358 - 222. What is the units digit of y?
6
Suppose 0 = -2*j + 2*z - 82, -3*z - 168 = 4*j - 11. Let q = -36 - -18. Let o = q - j. What is the tens digit of o?
2
What is the tens digit of (28*17)/(3/(-18)*-12)?
3
Let p be (0/1)/(-1) - -2. Suppose i = p, -3*z + 0*z + 5*i + 41 = 0. Suppose a + 0*a = z. What is the tens digit of a?
1
Suppose -2*q = 6*b - 2*b + 12, 0 = 3*q - b - 17. Let r = -360 - -365. Suppose -r*o = 0, 5*o - 92 - 48 = -q*m. What is the units digit of m?
5
Suppose -28 - 2 = -6*y. Suppose 8*h = y*h + 225. What is the tens digit of h?
7
Let z = -946 + 1420. Suppose 10*s = 13*s - z. What is the units digit of s?
8
Let r = -2339 + 3108. What is the units digit of r?
9
Let s = 14 - 9. Suppose -s*o - 40 = -15. Let d(b) = -5*b + 12. What is the tens digit of d(o)?
3
Let r be (-2 - 0)/(8/(-156)). Let p = 30 + -26. Suppose -p*c + r + 133 = 0. What is the tens digit of c?
4
Let d(f) = -2*f**3 + 2*f**2 + 2*f - 3. Let k be d(3). Let z = k + 64. What is the units digit of z?
1
Let n(u) = 9*u**2 - 2*u + 1. Let s(b) = -b**2 + 5*b - 5. Let r be s(2). Let g be n(r). Let l = 21 + g. What is the tens digit of l?
2
Let o(r) = -5*r + r**2 + r**2 - r**2 + 1. Suppose 2*n - 2*z - 26 = 0, -3*n + 3*z - 4*z + 19 = 0. What is the tens digit of o(n)?
2
Let r(z) = z - 1. Let m be r(11). Suppose 2*n = 104 - m. What is the tens digit of n?
4
Suppose -d + 30 = 5*y - 6, d - y = 24. Suppose -d*t + 60 = -22*t. What is the units digit of t?
5
Let g = 3052 + -1864. What is the units digit of g?
8
Let d(x) = 3*x**2 - 2*x - 67. What is the tens digit of d(-13)?
6
What is the hundreds digit of ((-9735)/118)/((-3)/56)?
5
Suppose 22*j - 26280 + 9274 = 0. What is the hundreds digit of j?
7
Suppose 5*x = -2*v + 12, 6*v = x + v - 24. What is the tens digit of -4 + 744/x + 0?
8
Suppose 15*n + 2*w - 3012 = 10*n, -3*n + 1824 = -3*w. What is the hundreds digit of n?
6
Let o(r) = -25*r - 29. Let y(f) = -f + 1. Let z(j) = -o(j) - 6*y(j). What is the tens digit of z(8)?
7
Let p(c) = -2*c - 6. Let q be p(-4). Let o be ((-8)/16)/(q/(-28)). Suppose 2 = 3*u - o. What is the units digit of u?
3
Let t = -620 + 697. What is the units digit of t?
7
Let h(b) = -b**2 + 72. Let i be h(0). Let l = 272 - i. What is the hundreds digit of l?
2
Let o(r) = 0 + 3*r + 3 - 115*r**2 + 116*r**2. What is the units digit of o(-3)?
3
Let x = 27 - 10. Let d = x - -15. What is the units digit of d?
2
Suppose -162*a + 151*a = -13167. What is the tens digit of a?
9
What is the tens digit of 1262/2*(-4 - -6)?
6
Let i(q) = -q**2 + 9*q - 5. Let x be i(8). Suppose -x*c = 4*b - 627, -3*c + 4*b + 480 = -123. What is the tens digit of c?
0
Suppose 4*v + 6400 = 12*v. What is the tens digit of v?
0
Suppose -x = x - 144. Let q = 26 - 19. Suppose q*m - x = 3*m. What is the tens digit of m?
1
Let u(d) = d**3 - 8*d**2 - d + 18. What is the units digit of u(10)?
8
Let b be 1/(-2)*-1*4. Suppose 4*w + 34 = 2*d, -b*w = 5*d - 97 + 12. What is the units digit of d?
7
Let q = -122 - -267. What is the hundreds digit of q?
1
Let a be 15 + -17 + 1 + 2. Let z = 3 - a. What is the tens digit of (20/25)/(z/65)?
2
Suppose -n + 2*y = -228, 2*n - 209 = 5*y + 243. What is the hundreds digit of n?
2
Let i(y) = 17*y + 0 - 7 - 9*y - 3*y. What is the units digit of i(8)?
3
Let a(g) = g**3 + 5*g**2 - g - 3. Let d be a(-5). Suppose -305 = -d*i + 5*t, 0 = 2*i - 2*t - 349 + 59. What is the units digit of i?
0
What is the thousands digit of (-6 - 14)/((-234)/116 - -2)?
1
Let c(q) = 13*q**2 + 16*q - 11. What is the tens digit of c(6)?
5
Let j be 10/(-4)*24/(-20). Let x be j + (-1 + 0)*6. Let n(m) = m**2 + m - 1. What is the units digit of n(x)?
5
Suppose -18*v + i - 1465 = -19*v, 4*v = 4*i + 5860. What is the units digit of v?
5
Suppose 6*a - 16 = 2*a + 3*j, -3*j - 12 = -3*a. Let l = 6 + -6. Suppose l = a*q + k - 57, 0*q + q = -5*k + 38. What is the tens digit of q?
1
Let l = -52 - -101. Suppose -2*i = -l - 47. What is the units digit of i?
8
Let a be ((-20)/(-12))/((-1)/(-12)). Let y = 199 + -189. Let o = a - y. What is the units digit of o?
0
Let q = 1846 - 1045. What is the units digit of q?
1
Suppose -9*j + 7*j = -48. Suppose 2*q + j = y, 3*y - 3*q = -5*q + 96. Suppose 0 = 3*x - 0 - y. What is the tens digit of x?
1
Suppose 1874 = 4*y + 4*i + 126, 2*i = -4*y + 1748. What is the tens digit of y?
3
Let u(k) = 7*k - 7. Let b(i) = 20*i - 20. Let g(d) = 4*b(d) - 11*u(d). Let s be g(2). Suppose -68 + 11 = -s*y. What is the units digit of y?
9
Let v be (0*3/9)/(-1). Suppose v = o - 10*o + 747. What is the units digit of o?
3
Let y = 619 - -841. What is the hundreds digit of y?
4
Let s = 653 + -384. What is the units digit of s?
9
Let j be (-1)/((-3)/27) - 4. Suppose -2*w = x - 11, 0 = 4*w - j + 1. What is the units digit of x?
9
Let z be (6/4 - 0)/(4/24). Suppose 5*k + 44 = z*k. What is the tens digit of k?
1
What is the tens digit of ((-1512)/147)/(82/84 + -1)?
3
Suppose 3*a - 10 + 1 = 0. Let y(m) = 5*m - 2. What is the units digit of y(a)?
3
Suppose -16*y + 2828 = 12*y. What is the hundreds digit of y?
1
Let p(f) = 121*f - 117*f - 4*f**2 - 5*f**3 + 3*f**3 + 7 - 1. What is the units digit of p(-4)?
4
Let s be (4 + -3)/(3/150). What is the units digit of (-20)/s - 27/(-5)?
5
Suppose 2*b + 4*t - 924 = 0, -4*b - 496 + 2338 = 2*t. What is the hundreds digit of b?
4
Suppose 140 = -4*p - 5*a, 0 = -2*a - 4 - 4. What is the tens digit of p/(-25)*120/1?
4
Let q be (-51)/(-1) - (-8)/4. Suppose -27 - q = -5*u. Suppose 20*c - u*c - 104 = 0. What is the tens digit of c?
2
Suppose v + 2*c - 135 = 0, 2*v + c + 11 - 278 = 0. What is the hundreds digit of v?
1
Let x be (11 - -1)/((-8)/268). What is the units digit of x/(-18) - 6/(-9)?
3
Suppose 11*m - m - 20 = 0. Suppose -u + m = -40. What is the tens digit of u?
4
Let i be 301/(-28) + 6/8. Let x be (-1100)/i + -2*2. Suppose 5*v + x = 316. What is the tens digit of v?
4
Let k(c) = -c**3 + 49*c**2 - 172*c - 51. What is the tens digit of k(43)?
4
Let m = -7 + -55. Let x = 88 + m. What is the units digit of x?
6
Suppose -634*p - 25191 = -643*p. What is the units digit of p?
9
Let w(x) = 27*x**2 + 6*x - 6. Let q(y) = 26*y**2 + 7*y - 7. Let t(i) = 5*q(i) - 6*w(i). Let o be t(1). Let n = 61 + o. What is the units digit of n?
9
Let g = -682 + 1239. What is the tens digit of g?
5
Let p(z) = 6*z + 38. What is the units digit of p(13)?
6
Let p be (0/(-2))/(8/(-8)). Suppose -5*x = -f - 2*f - 67, 2*x + 4*f - 32 = p. What is the tens digit of x?
1
Suppose -3*b = 3 - 393. Suppose -8*c = -13*c + b. What is the units digit of c?
6
Suppose 0*h - 4*h + 4 = 0. Let s = 2 + h. Suppose 0 = -3*y + 5 + 1, 4*o = s*y + 50. What is the units digit of o?
4
Suppose -8*f + 2490 = -16198. What is the units digit of f?
6
Suppose 122 = -4*d + 5*t, 0 = 3*t + 6 - 0. Let g = -12 - d. What is the tens digit of g?
2
Let u(s) = 2*s**3 - 9*s**2 - 4*s + 8. Let i(g) = -2*g**3 + 9*g**2 + 4*g - 7. Let t(q) = -3*i(q) - 2*u(q). What is the tens digit of t(5)?
1
Let r = 7 + -7. Suppose 3*c - 3*x - 51 = 0, -2*c + 3*c - 5*x - 25 = r. What is the tens digit of c?
1
Let v(y) = -y**2 - 37*y - 34. What is the units digit of v(-35)?
6
Let v = 245 - 81. What is the tens digit of v?
6
Let g = 858 - 603. What is the tens digit of g?
5
Suppose 4715 = -17*i + 23806. What is the tens digit of i?
2
Suppose -3*d + d = -42. Let i be (37 - 1)/(d/(-14)). Let c = i - -44. What is the units digit of c?
0
Let y be (-53)/(-4) + 30/40. Suppose 3*i = -3*a, -4*a + 3*i = -y - 21. Suppose -2*b + 0*b = 3*x - a, -3*x - 3*b = 0. What is the units digit of x?
5
Suppose z - 86 = 95. What is the units digit of z?
1
Let j(l) = -8*l + 5. Let n(x) = -12*x + 8. Let o be -6 - (1 - (2 - 0)). Let g(s) = o*n(s) + 7*j(s). What is the units digit of g(4)?
1
Suppose -9*l = -7*l - 1266. Let h = l - 338. What is the tens digit of h?
9
Suppose 4*u + 113 = 3*s, 0 = -4*s + 8*s + 3*u - 109. Suppose 3*o = 476 + s. What is the tens digit of o?
6
Suppose -4*z = 4*t - 640, -13*t = -9*t - 4. What